osite?
False
Let b = -99 + 109. Suppose b*g - 12*g = -1382. Is g composite?
False
Let y(a) be the second derivative of a**5/10 - 11*a**4/12 + 2*a**3/3 + 29*a**2 + 146*a. Is y(17) a prime number?
False
Let k(f) be the third derivative of 3*f**5/20 + 6*f**2. Let d be k(1). Is ((-6)/d)/(8/(-5628)) composite?
True
Is 928730 - (-14)/(-4)*2/(-7) composite?
True
Let q(b) = 9*b**2 - 5*b - 26. Let x(t) = -t. Let u(y) = q(y) - 2*x(y). Is u(12) prime?
False
Suppose -9*l + 227843 = 2*l - 172370. Is l prime?
True
Let y(a) be the third derivative of -a**5/15 + 7*a**4/8 - a**3 + 21*a**2. Let m be y(20). Let w = -795 - m. Is w composite?
True
Suppose -407*x + 406*x + 12490 = 0. Suppose z - j = 16118 - 3616, z + 3*j = x. Is z composite?
True
Is (-7)/3*177/(-413) - -1949808 prime?
True
Let u(n) = 3983*n - 12603. Is u(14) a composite number?
False
Let y(o) = -1172*o**3 - 14*o + 5. Let p be y(3). Is (p/(-4) + -1)*(-100)/(-75) composite?
False
Let a be (-7892)/(-1) + 29 + -25. Suppose 2*n - 11170 = 3*c + a, -4*c + 38092 = 4*n. Is n a composite number?
True
Suppose -12 - 24 = 2*v. Let m = 12 + v. Let c(o) = 11*o**2 - 5*o - 7. Is c(m) prime?
True
Let f(c) = c**3 + 17*c**2 - 39*c - 13. Let v be f(-19). Is (48/v - 3)*1847 composite?
True
Is ((-1436)/(-10))/((-136)/(-3740)) a prime number?
False
Let t(p) = -17316*p**3 + 4*p**2 + 4*p + 5. Let o(i) = 17314*i**3 - 5*i**2 - 4*i - 5. Let v(q) = 5*o(q) + 6*t(q). Is v(-1) prime?
False
Suppose -4*x + 4*o - 32 = 0, 0*x + 4*x + o = -22. Is 3*(x - (-464)/3) a composite number?
True
Let k(g) = 4*g - 31. Let l be k(9). Let h(u) = 2*u - 8. Let z be h(l). Suppose -z*r + 12*r = 12830. Is r a composite number?
False
Let l(b) = 37158*b - 9445. Is l(9) a prime number?
True
Is (-7 + 912/128)*1709976/3 prime?
True
Suppose 731519 = 679*k - 660*k. Is k a prime number?
True
Suppose 2*f - 7*f + 165 = 5*i, -132 = -4*i + 2*f. Let o = -38 + i. Is o/10 + 2238/4 prime?
False
Suppose -48*l + 130*l = 108723226. Is l composite?
True
Let f = 565836 + -354839. Is f prime?
False
Suppose -2*a = 4*u - 21888, 5*a - 3*u - 54699 = -6*u. Suppose -16*q = -10*q - a. Is q prime?
True
Let g be (32/(-6))/(-2)*(-16 - 2). Let l be (-5)/3*3*-77. Let f = g + l. Is f composite?
False
Suppose 3*p + 2*d - 1027 = 0, 4*d = -5*p + 654 + 1055. Is (p/(-12) + 4/(-16))*-2 a prime number?
False
Suppose 4*w + k = -4*k + 23, 4*w + k = 11. Suppose w*m - 731 = 3*j, 6*m + 2*j - 1780 = m. Is m a prime number?
False
Let z be (-16 - 1) + (-3)/2*-2. Let n be (z - -208)*(-13)/2. Let v = 1242 - n. Is v a prime number?
True
Is ((-232966)/30)/((-50)/750) composite?
False
Let a(d) = 143*d**3 - 3*d**2 - 5*d + 2. Is a(3) a prime number?
True
Let l = -88523 + 161812. Is l composite?
True
Suppose -2*t + 9580 + 1726 = 0. Let m = t - 3320. Is m prime?
True
Is (3 - (-1 + 8))*5286039/(-132) a composite number?
False
Let a(l) = 625*l**2 + 37*l - 244. Is a(6) prime?
False
Suppose 0 = -5*z - 20, -2*o + 198 + 36 = -2*z. Let a = 106 - o. Is ((-21)/6)/a + (-11188)/(-8) a composite number?
False
Is 45925 - (6/(-45) + 32/15) a prime number?
False
Let f be -3*(-2)/6 + 5. Let x(u) = 115*u**2 + 4*u - 25. Is x(f) a composite number?
False
Let h(x) = -2*x**2 + 94*x + 308515. Is h(0) a composite number?
True
Let p(t) = 2*t**2 + 0 + 3 + 32*t**2 + 2*t - 18. Is p(-4) a prime number?
True
Let q be 25 + (-4)/12 + (-6)/9. Is (q - -7018)*((-2)/(-4))/1 composite?
True
Let i(c) = c**3 + 9*c**2 - 44*c - 69. Suppose -63 = -3*z + q, 2*z + 102*q = 105*q + 49. Is i(z) a composite number?
False
Suppose -33866 - 2416 = -2*d. Suppose d + 6353 = 2*r. Is r a prime number?
False
Let z be (-2 - 4)/((-4)/(-262)). Suppose 834*d = 828*d + 5820. Let y = z + d. Is y prime?
True
Suppose -3*q + 6 = 2*j, 0 = 5*q - q - 3*j - 25. Suppose 24 = q*l - 76. Suppose -l = 2*n - 819. Is n a composite number?
False
Let b(s) = 16*s - 18. Let x be b(13). Let k = x - -2209. Is k a prime number?
True
Suppose -x + 13 - 9 = -g, 4*g + 8 = 0. Suppose -x*h + 9*m = 4*m - 38447, 76930 = 4*h + 2*m. Is h composite?
False
Let r = -3515 + 5230. Let b = r + -59. Suppose 4*c - 4*g - b = -0*g, 2*c + 2*g = 808. Is c a prime number?
True
Let k(u) = 519*u - 5. Let s(c) = 1558*c - 13. Let f(a) = 11*k(a) - 4*s(a). Let b(d) = 522*d + 5. Let q(w) = 2*b(w) + 3*f(w). Is q(-4) prime?
False
Let p(j) = -3*j**2 - 26*j - 15. Let w be p(-8). Is 32*371/14 + w*3 a composite number?
True
Let h = 1895860 - 962021. Is h a composite number?
False
Suppose 108*s = 82*s - 130. Let y(l) = -2181*l + 4. Is y(s) composite?
False
Let s(h) = -39*h**3 + 7*h**2 + 15*h - 3. Is s(-10) prime?
False
Suppose -j - 48*j + 5636248 = 19*j. Is j prime?
False
Let j(l) = -12*l + 27 - 15*l - 20*l. Is j(-2) composite?
True
Suppose 5*p + 5110 = 2*v + 444, -3*p = 5*v - 11665. Let m be 1521 - -10*(12 - 11). Let l = v - m. Is l composite?
True
Let y(i) = i**2 - 8*i + 15. Suppose 2*g - 1 + 47 = 5*h, -4*h + 34 = -3*g. Is y(h) a prime number?
False
Let y(f) = -f**3 - f**2 - f + 3. Let i = 9 - 9. Let m be y(i). Suppose 4*p = -z + 1035, -m*z + 4*p - 1307 = -4444. Is z a composite number?
True
Suppose -4*y = 2 - 14. Suppose -n = -p + 6, 37 - 15 = -n - y*p. Is (2/n*2722)/(10/(-25)) prime?
True
Let l(j) = j**2 + 10*j + 21. Let m be l(-8). Suppose -m*c = -4*r + 1037, -3*c + 1324 = 7*r - 2*r. Is r prime?
True
Let h = -90612 + 178231. Is h a prime number?
False
Let k = -199905 + 500204. Is k composite?
False
Let s be 12*(0 - (26494/(-4) + 1)). Suppose 3*t = -5*x + s, -3*t = -3*x - x + 63549. Is x a composite number?
True
Suppose -15*u - 226268 = -19*u + 2*f, -2*f - f = 0. Is u a prime number?
False
Is (16/(-24))/(-9 + (-272335)/(-30261)) a prime number?
False
Suppose -5*b - 3*p + 43167 + 38560 = 0, -2*b - 3*p + 32698 = 0. Let n = b + -10908. Is n a composite number?
True
Let y = -4609 - -30223. Let v = -15209 + y. Is v composite?
True
Suppose 4*g + 11128 = 3*a + 1019, -2*g + 2 = 0. Suppose 3*v + a = 5*f, 5*f + 0*v - 5*v - 3375 = 0. Is f composite?
False
Let u(l) = l**3 + 3*l**2 + l + 8. Let f be u(-4). Let w(n) = 2*n**3 + 5*n**2 - 13*n + 1. Let r be w(f). Is r*(2 - -2)/(-4) composite?
False
Suppose -i - 18 = -12. Let j(n) = -1282*n - 21. Is j(i) a composite number?
True
Suppose 72555 = 459*h - 444*h. Is h a composite number?
True
Is 39/3 + 6628*(-568)/(-16) a prime number?
True
Suppose -3*f + 2*w - 26 = -5, -4*f - 26 = -2*w. Let u(k) = k**2 + 11*k + 29. Let v be u(f). Is 4 + 1899 + (v - -5) prime?
True
Let k(t) = 7129*t**2 - t - 3. Let g be k(-2). Suppose 10*x = 5*x + g. Is x prime?
False
Let a = -33 - -38. Suppose -4*q + b + 1519 = 0, -2*q - a*b + 773 = -10*b. Is q a prime number?
True
Let c(i) be the first derivative of 24*i**2 + 7*i + 2. Let q(d) = -24*d + 1041. Let m be q(43). Is c(m) a prime number?
True
Suppose -2*v = 2*v - k + 96, -5*v - 141 = 4*k. Let y be 1/5 - (-230)/v. Is (y/(-4) - 2) + 1670/8 composite?
True
Suppose -8*s + 120779 = -11645. Suppose -3*j - s = -5*a, 3*a = -a + 2*j + 13244. Suppose 5*c = 4*x + 3298, 0 = 4*c - 4*x - a + 677. Is c a composite number?
True
Let c(s) = 2*s**3 - 15*s**2 + 9*s - 11. Let n be c(7). Let m be 46/(-4*n/(-816)). Suppose 2*r = -4*k + 8108 + m, -5*k + 14045 = 3*r. Is k a composite number?
True
Let g(x) = 601*x**2 - 17*x + 37. Let s(a) = -5*a + 102. Let h be s(20). Is g(h) a composite number?
True
Let o(h) = -h**2 - 33*h + 27. Suppose -5*i - 8 - 7 = 0. Let k = -17 - i. Is o(k) composite?
False
Is 22/77 - (25*(-1700)/14 - -1) a composite number?
True
Is (402/670)/((-6)/(-4722730)) a prime number?
True
Is (-2)/16*-28 - (-5046483)/26 composite?
True
Let q(d) = 16*d**2 + 17*d - 15*d**2 - 41 + 4*d. Let w be q(-23). Suppose 4*z - w*z = -2*f - 119, -5*f + 670 = 5*z. Is z a composite number?
True
Let o = 201 + -199. Is 1*4265/10*o a prime number?
True
Is 1801/(-12)*-2434 + 21 + 6750/(-324) composite?
False
Let j(s) = 4*s + 6. Let p be j(10). Suppose 0 = -2*x - 5*a + 27, 0 = 5*x - 5*a + 2*a + 10. Is (30/20)/(x/p) composite?
True
Suppose 2*o - 3*m = 59379, -3*o + 3*m + 61380 = -27690. Suppose -o = 6*r - 15*r. Is r composite?
False
Let m(y) = -6*y - 10. Let x be m(-7). Suppose -7*r = -158 - 73. Suppose d - r = x. Is d composite?
True
Let h(r) = -2*r + 4. Let g = -25 - -30. Let a be h(g). Is ((-8)/a)/(1 + (-8620)/8628) a prime number?
False
Let t(b) = b**2 + 11*b + 35. Let j be t(-8). Suppose -